) in base 4?
-10231031
Convert -16627 (base 8) to base 14.
-2a91
What is -91 (base 16) in base 11?
-122
-63e2 (base 15) to base 12
-10295
What is -14613 (base 7) in base 4?
-333231
What is -19d (base 14) in base 13?
-1ca
Convert 1125 (base 6) to base 9.
328
Convert -1120113 (base 4) to base 6.
-42103
-1305 (base 6) to base 12
-235
-1ae (base 16) to base 8
-656
-b55 (base 14) to base 3
-10001122
Convert -10000020122 (base 3) to base 12.
-2a338
Convert 703 (base 11) to base 15.
3ba
112212 (base 3) to base 14
209
What is a560 (base 15) in base 13?
12bb8
What is -4f5 (base 16) in base 14?
-669
1028 (base 12) to base 2
11011100000
What is 82 (base 10) in base 15?
57
Convert -26c3 (base 15) to base 12.
-4963
11020211 (base 3) to base 9
4224
11010001001 (base 2) to base 16
689
-217 (base 15) to base 11
-39a
Convert 3acc (base 16) to base 3.
202122111
Convert -2466 (base 7) to base 14.
-4a6
What is -1012 (base 4) in base 14?
-50
Convert 112134 (base 6) to base 15.
2c77
Convert 2596 (base 13) to base 15.
18c7
What is -79b8 (base 12) in base 9?
-20505
1312331 (base 5) to base 13
ba85
Convert -21011111 (base 3) to base 4.
-1101220
What is -694 (base 11) in base 14?
-433
13041 (base 8) to base 14
20c9
What is 10100100101110 (base 2) in base 8?
24456
Convert 203320 (base 4) to base 2.
100011111000
Convert 883 (base 9) to base 8.
1323
What is 88bb (base 16) in base 10?
35003
295 (base 10) to base 2
100100111
Convert -104426 (base 7) to base 8.
-43733
103 (base 16) to base 10
259
Convert 7401 (base 14) to base 2.
100111000011001
234 (base 11) to base 14
15d
45620 (base 7) to base 11
8810
What is -103 (base 5) in base 9?
-31
Convert 202020 (base 5) to base 10.
6510
What is 50b (base 15) in base 3?
1120002
-4323 (base 5) to base 9
-723
What is 15210 (base 7) in base 12?
2539
Convert -2150 (base 6) to base 7.
-1311
What is -9159 (base 13) in base 3?
-1000110100
What is -10d70 (base 15) in base 7?
-312300
-aef (base 16) to base 5
-42144
What is 4302 (base 6) in base 13?
59c
What is 152442 (base 7) in base 11?
20372
Convert 6d5 (base 16) to base 12.
1019
What is -4a0 (base 12) in base 13?
-417
What is 5478 (base 16) in base 15?
6619
-182 (base 12) to base 4
-3302
-10d (base 14) to base 4
-3101
-6c1 (base 16) to base 7
-5020
What is 7f1f (base 16) in base 9?
48568
What is 6508 (base 12) in base 7?
44231
-10101111001 (base 2) to base 10
-1401
-4bb0 (base 12) to base 4
-2012310
Convert 6902 (base 15) to base 12.
10a85
13111 (base 5) to base 12
71b
-45887 (base 10) to base 4
-23030333
What is e9b (base 15) in base 14?
12b6
What is 1105 (base 6) in base 9?
315
What is -20663 (base 7) in base 4?
-1100111
Convert 161d3 (base 15) to base 16.
11682
What is -221022 (base 5) in base 15?
-23e2
a51 (base 14) to base 5
31111
Convert 38c (base 13) to base 6.
2515
7e (base 16) to base 4
1332
What is 2f2c (base 16) in base 7?
50131
a285 (base 15) to base 11
23875
Convert -223334 (base 5) to base 14.
-2c93
What is -222332 (base 4) in base 16?
-abe
What is -22121002 (base 3) in base 14?
-23d8
7330 (base 11) to base 12
5755
7 (base 10) to base 9
7
What is a95 (base 15) in base 12?
1472
What is -6938 (base 11) in base 10?
-9116
Convert 8212 (base 10) to base 11.
6196
What is -121123 (base 4) in base 6?
-11311
-197a (base 14) to base 7
-16313
Convert 204 (base 6) to base 16.
4c
What is -13846 (base 10) in base 13?
-63c1
What is ab (base 13) in base 15?
96
31422 (base 6) to base 12
2572
What is 49b (base 15) in base 9?
1382
-596b (base 12) to base 4
-2130203
c47 (base 15) to base 13
134b
What is 110212020 (base 3) in base 9?
13766
Convert 1054 (base 8) to base 7.
1423
Convert -301224 (base 5) to base 2.
-10010101011100
-3243 (base 12) to base 7
-22050
Convert 254021 (base 7) to base 9.
71428
What is 1226 (base 7) in base 3?
122002
1247 (base 13) to base 3
10120002
-549 (base 10) to base 3
-202100
What is aab (base 14) in base 2?
100000111111
What is -523 (base 10) in base 3?
-201101
1101101100 (base 2) to base 13
525
Convert -1001300 (base 4) to base 10.
-4208
1441 (base 11) to base 7
5265
-2123 (base 7) to base 5
-11002
-14216 (base 7) to base 15
-123e
Convert -71dd (base 15) to base 10.
-24058
a82 (base 13) to base 2
11100000100
Convert -3811 (base 10) to base 12.
-2257
Convert 165a (base 11) to base 10.
2122
What is -246233 (base 7) in base 2?
-1011000101010110
-4049 (base 10) to base 2
-111111010001
What is 10101000001010 (base 2) in base 11?
80a4
-40423 (base 5) to base 8
-5065
Convert -2443 (base 14) to base 13.
-2b60
21100 (base 4) to base 8
1120
-824 (base 15) to base 6
-12254
What is 779 (base 15) in base 4?
122121
2717 (base 9) to base 16
7f9
What is -110022002 (base 3) in base 12?
-5232
144 (base 11) to base 6
441
564 (base 13) to base 5
12202
What is 4230 (base 13) in base 8?
21715
6a (base 14) to base 2
1011110
What is -61 (base 14) in base 3?
-10011
What is -692 (base 13) in base 8?
-2155
What is -455 (base 15) in base 10?
-980
230 (base 8) to base 14
ac
Convert -326012 (base 7) to base 8.
-157712
What is -12226 (base 7) in base 6?
-22501
What is 23902 (base 10) in base 7?
126454
Convert 193 (base 11) to base 2.
11011111
100011010000 (base 2) to base 13
1047
What is -d5a (base 15) in base 4?
-233002
Convert 11525 (base 8) to base 14.
1b37
What is 86216 (base 9) in base 6?
1120023
What is -7a1 (base 12) in base 3?
-1112211
What is -10 (base 4) in base 10?
-4
1c5 (base 15) to base 14
214
Convert -23344 (base 5) to base 3.
-2100212
Convert -122516 (base 7) to base 14.
-830d
-8181 (base 16) to base 15
-9c53
Convert -2382 (base 10) to base 2.
-100101001110
Convert 2304 (base 9) to base 11.
1310
What is 50426 (base 8) in base 10?
20758
What is 4442 (base 11) in base 15?
1b04
Convert -414440 (base 5) to base 3.
-200212002
What is -201100 (base 3) in base 6?
-2230
Convert -35601 (base 10) to base 15.
-a836
What is -43b (base 13) in base 9?
-886
6372 (base 8) to base 6
23214
Convert -289 (base 10) to base 8.
-441
Convert -37b (base 13) to base 16.
-261
437 (base 12) to base 11
513
What is 4436 (base 14) in base 2?
10111000100000
What is -102111202 (base 3) in base 7?
-33314
Convert -480b (base 14) to base 15.
-3ac0
What is 1002110 (base 3) in base 11?
663
Convert 22f (base 16) to base 11.
469
Convert 6513 (base 12) to base 8.
25537
Convert -182 (base 10) to base 11.
-156
-789 (base 10) to base 4
-30111
What is -8814 (base 10) in base 11?
-6693
Convert -66c3 (base 15) to base 4.
-11110113
What is -970 (base 15) in base 6?
-13510
What is 10573 (base 9) in base 8?
15570
273a5 (base 11) to base 2
1001100010100101
562 (base 7) to base 5
2124
Convert 121110 (base 3) to base 2.
110111100
What is -173 (base 10) in base 7?
-335
What is 2580 (base 10) in base 9?
3476
17431 (base 10) to base 8
42027
-1001221 (base 4) to base 12
-2521
What is -1c53 (base 13) in base 12?
-2599
-88668 (base 9) to base 10
-58868
-21363 (base 7) to base 3
-21022200
What is 24402 (base 8) in base 7?
42415
What is -4041 (base 7) in base 3?
-1220220
What is 15aa8 (base 11) in base 10?
22624
What is 5285 (base 9) in base 14?
15b6
Convert 13100 (base 4) to base 15.
20e
19588 (base 10) to base 12
b404
Convert -101022 (base 3) to base 11.
-233
Convert -330 (base 13) to base 9.
-666
-36130 (base 9) to base 16
-5e65
What is 22777 (base 12) in base 14?
12ab9
-23268 (base 9) to base 4
-3302231
Convert a7c (base 13) to base 7.
5141
2127 (base 8) to base 7
3145
Convert 825a (base 12) to base 2.
11011101100110
Convert -61504 (base 8) to base 7.
-134042
What is 1621 (base 9) in base 4?
103102
What is -32d6 (base 16) in base 3?
-122212000
What is 14f9 (base 16) in base 14?
1d57
529 (base 16) to base 13
7a8
3455 (base 6) to base 7
2261
Convert -121021 (base 3) to base 4.
-12313
What is -1253 (base 6) in base 10?
-321
-111011011110 (base 2) to base 7
-14045
21211 (base 4) to base 11
508
What is 241 (base 13) in base 8?
607
What is -586 (base 10) in base 9?
-721
-3db (base 15) to base 2
-1101110001
Convert -1b41 (base 12) to base 11.
-2586
c023 (base 13) to base 15
7c48
What is -111220 (base 3) in base 8?
-567
Convert 20 (base 12) to base 7.
33
What is 1517 (base 11) in base 15?
8a4
Convert -ab (base 13) to base 2.
-10001101
Convert -574 (base 9) to base 12.
-334
Convert 2c28 (base 16) to base 8.
26050
What is -1521 (base 10) 